Let t = -457 + 468. Suppose -t*w + 14*w = 2031. What is the units digit of w?
7
Let o = 192 - -98. Suppose -4*n - 16 = 0, -k + o + 10 = 3*n. What is the hundreds digit of k?
3
Suppose 84*u = 65*u + 115178. What is the units digit of u?
2
Let b = 27712 + 2885. What is the ten thousands digit of b?
3
Let k = -81 + 86. What is the tens digit of (k + -8)*662/(-6)?
3
Let y = 3272 + -1958. Suppose 0 = 17*n - y + 277. What is the units digit of n?
1
Let h = -27 + 32. Suppose -2*s - 7 = k, h*k + 6 = s + 26. Suppose -k*n + 51 = 2*l + 2*l, 4*n - 68 = 2*l. What is the units digit of n?
7
Suppose d + 18 = 4*t - d, 2*t - 2*d - 8 = 0. Let z(v) = 3*v + t*v + 2*v - 5*v + 22. What is the tens digit of z(15)?
9
Let n(z) = -44 + 20*z + 7*z**2 + 9 - 7*z - 14 - 34. What is the tens digit of n(8)?
6
Suppose -5*k - 16415 = -a - 2742, 3*a - 2*k = 41019. What is the tens digit of a?
7
Suppose 11448 = 29*w - 24*w + 3*h, h - 1 = 0. What is the thousands digit of w?
2
Suppose -47 - 58 = -y. Let g = y - -238. Let z = g - 209. What is the tens digit of z?
3
Let a = 225 + -136. Suppose g - a = 15. Suppose 3*z - 67 = g. What is the tens digit of z?
5
Suppose 105*t = 104*t + 3*r + 8679, -t + 8671 = -r. What is the units digit of t?
7
Let u(w) = 19*w**3 - 1. Let z be u(1). Suppose -3*g - 5*b + 199 = 0, 3*g - 164 = 55*b - 53*b. Let s = z + g. What is the units digit of s?
6
Suppose -6*w = -11*w + 3*q + 4380, -4*w + 3504 = -3*q. Suppose 2*l - 428 = -g, -4*l - 3*g - w = -8*l. Let v = -101 + l. What is the hundreds digit of v?
1
Suppose -127 = q + 259. Let t = q - -247. Let y = t - -249. What is the tens digit of y?
1
Suppose 189 = -2*u + 163. Let q(z) = z**2 + 12*z - 14. Let x be q(u). What is the units digit of 1 + 3 + -3 + 195 + x?
5
Suppose 3*l + 11 = t, -12 - 7 = 3*t + 4*l. What is the tens digit of t*(11 + -6) + 422?
1
Let s = 105 + -109. Let n = 146 + s. What is the tens digit of n?
4
Suppose -2*s - 11252 = -2*c, -3*c + 5*s = -2*c - 5630. Let r = c + -3975. What is the thousands digit of r?
1
Let k = 15 - 18. Let g be k + 5/(-5) + 0 + 15. Let h(b) = b**3 - 11*b**2 + 10*b - 11. What is the tens digit of h(g)?
9
Suppose 0 = 5*r + 10, -5*g - 5*r = 4162 - 65637. What is the tens digit of g?
9
What is the hundreds digit of (-50)/75*(-6933)/2?
3
Let b = 132124 - 74078. What is the hundreds digit of b?
0
What is the units digit of 1367725/250 + (-3)/(-60)*2?
1
Suppose -u - 27 = -7. Let y(a) = -3*a + 66. Let c be y(-17). Let k = c + u. What is the units digit of k?
7
Suppose -26 = -p + 5*c, -3*p + 4*c = 72 - 205. Let t = p + -49. Suppose t*u + u = -2*a + 302, u = 3*a + 97. What is the hundreds digit of u?
1
Let h = -1236 - -2241. Suppose 4*w - h - 447 = 0. What is the hundreds digit of w?
3
Let z(c) = -399*c - 9445. What is the ten thousands digit of z(-112)?
3
Let p(u) = -6*u**2 - 23*u - 60. Let x be p(-7). Let c = -46 - x. What is the units digit of c?
7
Suppose 36216 + 4996 = 2*v - 4*h, h = 4*v - 82466. What is the thousands digit of v?
0
Let w = 227 + 16025. What is the hundreds digit of w?
2
Let m = -1625 + 1124. Let t = -202 - m. What is the hundreds digit of t?
2
Let d = -776 - -447. Let k be ((-125)/10)/((-6)/(-84)). Let r = k - d. What is the units digit of r?
4
Suppose 6*h + 30005 = 5*p + 11*h, -3*p + 18005 = 2*h. What is the units digit of p?
3
Suppose -5*u = 25*u - 84*u + 1628100. What is the hundreds digit of u?
1
Let j(i) = -18*i + 11. Let o be j(-6). Let c = o - 216. What is the hundreds digit of -1*(-1 + 3)*c?
1
Let x be (30/8)/(36/(-1008)). What is the units digit of 86*2*x/(-30)?
2
Suppose -3*v = 3*a + 3507, -1 = v - 5*a + 1162. Let g = v - -1996. What is the tens digit of g?
2
Let f(h) = 6*h**2 - 18*h + 2308. What is the tens digit of f(43)?
2
Let a = 35114 - 26423. What is the tens digit of a?
9
Let v = 64 - 64. Suppose -3*p - 4*u - 1 = 0, -7 = p + 3*u - v. Suppose 4*l = 5*a - 391, p*a - 3*l = 439 - 52. What is the units digit of a?
5
Suppose 3*c + 9 = 2*c. What is the units digit of (c - -48) + (-12)/(-3)?
3
Let o = -249 + 416. Let y = o + 269. What is the hundreds digit of y?
4
Suppose -6 = -2*u - 4. Suppose -5*j = 5*b + 5, 5*j = -5*b + b - u. Suppose 2*x - j*x = -112. What is the tens digit of x?
1
What is the hundreds digit of (-13576831)/(-427) - 4/56*-2?
7
Let b = 7637 + 2114. What is the units digit of b?
1
Let y(g) = 20*g**2 + 3*g + 2. Let w be y(-2). Let i be (-3 - -2)*(4 + w). What is the tens digit of 1*-3*(i/6 - 3)?
4
Let v(o) = o**2 - 7*o - 35. Let w be v(-4). Suppose 23 - 5 = 3*f. Suppose 123 + w = f*y. What is the units digit of y?
2
What is the ten thousands digit of (-249)/12 + 21 - (0 - (-44879)/(-4))?
1
Let g(w) = -w + 9. Let u be g(10). Let l be (356/(-8))/(u/(-2)). Let s = -40 - l. What is the units digit of s?
9
Suppose 0 = 26*u - 42*u + 3280. Suppose u = 5*q - 25. What is the units digit of q?
6
Let v(s) = -81 - 32 + 5*s + 33 + 25*s. What is the tens digit of v(4)?
4
Let n(g) = 3*g - 1. Let y be n(2). Let c = -3776 + 3778. Suppose y*r = 5*p + 3*r - 333, 3*p - 187 = -c*r. What is the tens digit of p?
6
What is the hundreds digit of 2747*(-2 - (-17 + 12))?
2
Suppose -5*z + 113032 = -3*b, 0 = -z + 2356*b - 2352*b + 22603. What is the hundreds digit of z?
6
Let h = -25 + 29. Suppose h*n = n. Suppose -4*l - 4 - 8 = n, -4*l = -5*m + 197. What is the units digit of m?
7
Suppose r = 21*u - 18*u - 36809, 12267 = u - 3*r. What is the tens digit of u?
7
What is the units digit of -10 - (7 + -152) - -11?
6
Let p(v) = 33*v - 45*v - 7 + 37. Let t be p(-15). Suppose t = 9*s + 39. What is the units digit of s?
9
Let b be 10/(-6)*18/(-10). Suppose b*h = 4*w - 1697, -2*h + 140 + 1120 = 3*w. What is the units digit of w?
2
Suppose 90*k - 85*k + b - 38056 = 0, 30416 = 4*k - 4*b. What is the units digit of k?
0
Let c(m) = 772*m**3 - 289*m**2 - 9*m + 3. What is the ten thousands digit of c(3)?
1
Let c = 30335 - 15615. What is the thousands digit of c?
4
Let p be 9 + (-120)/(-36) + 1/(-3). Suppose -2067 - 3705 = -p*c. What is the hundreds digit of c?
4
Let l = 71117 + -32870. What is the ten thousands digit of l?
3
Suppose 0 = -3*t - 2*p + 3846, 5*p - 5148 = -4*t + 9*p. What is the units digit of (t/15 + (-21)/35)*1?
5
Suppose -3*l + 10 = 34*j - 33*j, -j - l = -6. Let u = -90 + 261. Suppose d + 2*w - w - u = 0, 0 = -j*d - w + 687. What is the tens digit of d?
7
Let t(s) = 4*s**2 - 57*s + 11046. What is the hundreds digit of t(0)?
0
Suppose 5*y = 4*g + 2, -3*y = -3*g - 0*g. Suppose -g*k - 618 = -5*z + 4*z, -k = 2*z - 1251. Suppose 5*s - z - 366 = 0. What is the units digit of s?
8
Let v(t) be the first derivative of -2*t**3/3 - 9*t**2/2 + 33*t + 15. Let a(k) = 2*k**2 + 8*k - 32. Let w(r) = 7*a(r) + 6*v(r). What is the units digit of w(6)?
8
Let v be ((-100)/(-32))/(-5)*(-5 - 3). Suppose -2*k = -v*j + 2443, -255 = -4*j + 3*k + 1705. What is the units digit of j?
7
Let v(h) = h**3 - 12*h**2 - h + 15. Let p be v(12). Let x(w) = -w - 3 - 91*w**3 + 8 + 2 + 2*w**2 + 92*w**p. What is the units digit of x(4)?
9
Let w(i) = 17580*i**2 + 7*i + 5. What is the thousands digit of w(-1)?
7
Let z(v) = v**2 + 23*v - 72. Let s be z(-26). What is the thousands digit of 2/(-10) - (s + (-5076)/5)?
1
Let p(b) = 50*b**2 - 1124*b - 1. What is the thousands digit of p(25)?
3
Suppose 6*y - y + x - 63 = 0, -4*x - 8 = 0. Let l = 66 - y. What is the units digit of l?
3
Let t = 185960 + -115746. What is the tens digit of t?
1
Let n = -90 + 6. Let q = n - -171. What is the units digit of q?
7
Suppose -676570 = -k + 386*k - 16825780. What is the tens digit of k?
4
Suppose l + 9 - 11 = 0. Let m be (-642)/(-8)*-2*(-4 + l). Suppose -2*a = f - 4*f + m, -2*f - 4*a = -230. What is the hundreds digit of f?
1
Suppose 2*l + 1322 = 350. Let q(j) = -70*j - 1609. Let n be q(-19). Let h = n - l. What is the tens digit of h?
0
Suppose -4*k - 2*l + 0*l + 130 = 0, -3*l = 3*k - 96. Suppose 0 = k*p - 44*p + 9779. What is the units digit of p?
9
Let t(y) = -y**2 - 7*y - 2. Let q be t(-6). Let z be (-12796)/(-35) + (-27)/45. Suppose 8*u - q*u - z = -3*p, -460 = -5*u - 3*p. What is the tens digit of u?
9
Let n(b) = -b**3 - 10*b**2 + 7*b - 1. Let m be n(-13). Let a = m + 145. What is the units digit of ((-4)/(-8))/(5/a)?
6
Suppose -13*t - 54*t + 229922 = 10*t. What is the units digit of t?
6
Let t(a) = 648*a - 